*m - 7*m + 6 - 1. List the prime factors of w(-5).
3, 5
Suppose -4*c - 3*r = 11, -4*r + 1 = -5*c + 26. Let s = c - -2. Let l = 2 + s. List the prime factors of l.
5
Suppose -4 = -4*o - w + 2*w, -o = 5*w - 1. Let u = -2 + o. Let v = u - -3. What are the prime factors of v?
2
Suppose -k = -0 - 5. Suppose b + 0 - k = 0. List the prime factors of b.
5
Let x(a) = 4 - 2*a**3 + 3*a**3 + 11*a**2 - 8*a + 10*a + 8*a. What are the prime factors of x(-10)?
2
Let c be 3/(14/4 - 2). Suppose s + c = 28. Let i = s - 13. What are the prime factors of i?
13
Let i = 24 + 11. List the prime factors of i.
5, 7
Let s(p) = 5*p**3 - 2*p**2 - 10*p - 8. List the prime factors of s(4).
2, 3, 5
Let i be 25 + 3/(-6)*2. Let r = 46 - i. What are the prime factors of r?
2, 11
Suppose -8*f = -4*f - 140. List the prime factors of f.
5, 7
Suppose 8*n - 16 = 4*n. Suppose -4*x - 6 = f - 14, 8 = -4*f + n*x. Suppose -2*y + 6 = -a - f*a, 2*y - 3*a = 6. What are the prime factors of y?
3
What are the prime factors of (-1)/(((-2787)/232)/3 - -4)?
2, 29
Suppose 3*p - 19 = -0*w + w, 0 = -5*p + 4*w + 41. Suppose 24 = x + 2*x + p*d, 2*x + 2*d - 16 = 0. What are the prime factors of x?
2
What are the prime factors of (-247)/(-26)*(5 - 1)?
2, 19
What are the prime factors of 7098/36 - 2/12?
197
Let q = 13 - 4. List the prime factors of q.
3
Suppose 2 = 3*h - 4. Let d be (h*1)/(8/16). Suppose -6 = 3*q - d*q. List the prime factors of q.
2, 3
Suppose 0*u - 12 = -3*u. Suppose u*r - 19 = -3. List the prime factors of r.
2
Suppose -5*w + 9 = -8*w. What are the prime factors of 10 + (2 - 5)/w?
11
Let b = -10 + 14. List the prime factors of (-18)/(-6*b/16).
2, 3
Let j(u) be the third derivative of -u**5/60 - 7*u**4/24 - 7*u**3/6 - u**2. Let p be j(-7). Let c = p - -14. List the prime factors of c.
7
Suppose -g = 4 - 1, -5*u = -3*g - 269. Suppose 2*c - u = -20. List the prime factors of c.
2
Let t be 0 - -37 - (2 - 2). Let f(k) = 26*k. Let p be f(1). Let u = t - p. What are the prime factors of u?
11
Suppose 0 = -5*a + 4*y + 52, -4*a + 19 = -y - 16. What are the prime factors of a?
2
Suppose -2*h - 20 + 0 = -2*m, 5*h + 26 = 3*m. Let l = m + 2. Suppose 5*n + 4 = l. What are the prime factors of n?
2
Let x(f) = 3*f**2 - f. Let d be x(-1). Let p be ((-13)/(-2))/(2/d). Let i = 31 - p. List the prime factors of i.
2, 3
Let k be 17 - 3*1/3. Suppose -64 = -m - k. Suppose 3*i - 28 = -2*n, 0 = -3*i - 4*n + 7*n + m. List the prime factors of i.
2, 3
Let b(s) = 4*s. Let z be b(-4). Suppose -a - 4*l + 18 = l, -4*l = 5*a - 6. What are the prime factors of 1*2 + z/a?
2, 5
Let r(s) = s**3 + s**2 - 2. Let d be r(0). Let z be (9/6 + d)*0. Let p = z + 4. What are the prime factors of p?
2
Let t(i) = i**3 + 13*i**2 + 10*i - 5. What are the prime factors of t(-12)?
19
Suppose 0 = 2*i + i - 3. Let y be (i + -2)*2 + 2. List the prime factors of (5*-1)/(-1 - y).
5
Let k be 3/(-2 + 7/3). Suppose 3*t - 20 = -5*q, -4*q + k = -3*t + 4*t. Suppose -3*o - q = -37. List the prime factors of o.
2, 3
Let w = -11 - -14. List the prime factors of (-1)/(w/(-51) + 0).
17
Let f(i) = i**3 + 6*i**2 + 4*i - 6. Let y be f(-5). List the prime factors of (407/(-22))/(y/2).
37
Suppose 0 = 5*r + 4*g - 0*g + 31, 2*r = -g - 10. Let s = 3 + r. Suppose s = -m, 2*l + l - 27 = 4*m. List the prime factors of l.
3
Let k = 2 + 5. Let b(o) = 3*o**2 - 4*o**2 + k*o**2 - 1 - 2*o**2 + o**3. List the prime factors of b(-3).
2
Let j be 2/(-3) + (-6)/(-9). Suppose 11 = -j*n + n. What are the prime factors of n?
11
Let k = -11 + 13. Suppose -3 - 15 = -k*o. What are the prime factors of o?
3
List the prime factors of (28/(-12) + 3)*6.
2
Suppose -12 = -3*m + 57. List the prime factors of m.
23
Suppose -8*c + 10 = -3*c. What are the prime factors of (4 - 0)/c - 0?
2
Let a(h) be the first derivative of h**4/4 - 10*h**3/3 - 3*h**2 - 9*h - 2. List the prime factors of a(11).
2, 23
Suppose 2*d - 238 = -5*j, j - 5*d - 101 = -j. What are the prime factors of j?
2, 3
Suppose d - 2 = -0*d. Suppose 3*j + n - 54 = 14, 5*j + 2*n - 115 = 0. Suppose d*z = -z + j. What are the prime factors of z?
7
What are the prime factors of (-108)/8*44/(-6)?
3, 11
Suppose 0*r + 3*r + 6 = 3*d, -d - 6 = r. Let u(v) = -2*v + 1. What are the prime factors of u(r)?
3
Let w(t) = -t**3 + 4. Let m be w(0). Suppose 0 = -0*s - m*s - 8. Let x = 5 - s. List the prime factors of x.
7
Suppose 2*j = -j - 63. List the prime factors of (-56)/j*(-30)/(-4).
2, 5
Let y = 21 - -3. What are the prime factors of y?
2, 3
Suppose 2*l - 122 = -5*z, 3*l - 2*z + z - 149 = 0. List the prime factors of (l/(-6))/((-2)/4).
17
Let m(v) = v**3 + 4*v**2 - 3. Suppose -4*n + 48 = -0*n. Suppose -5*t = 5*g + 13 + 2, n = -4*g + 5*t. List the prime factors of m(g).
2, 3
Suppose -3*i = 5*m - 24, 0 = -m - 3*i - i - 2. Let l = m + -3. Suppose -l*w + 4*w = 8. What are the prime factors of w?
2
Let u(g) = -g**3 + g + 2. Let q be u(0). Suppose -q*d = -5 - 3. What are the prime factors of 54/d - (-2)/(-4)?
13
Suppose 2*k - 6*k + 216 = 0. List the prime factors of k.
2, 3
What are the prime factors of ((-9)/(-6))/((-6)/(-1164)) - -2?
293
Let t be ((-1)/2)/((-1)/(-2)). What are the prime factors of (-11 + -1)*t/3?
2
Suppose 0 = 2*j - 4*j + 22. Suppose 3*p = 2*p + j. What are the prime factors of p?
11
Let v(a) = 5*a + 2*a + a**2 - 15*a. List the prime factors of v(9).
3
Let j = -1 - -1. Suppose -6*s + s + 20 = j. Suppose 4*u - s = 8. List the prime factors of u.
3
Let q(x) = -7*x**2 - 1 + 12 - 3 - x**3. Let w be q(-7). Let c = w - 5. What are the prime factors of c?
3
Let f(d) = d**3 + 6*d**2 + d + 2. What are the prime factors of f(-5)?
2, 11
Let x(n) = -n. Let o = 16 - 11. Let m be x(o). What are the prime factors of m/((-70)/4)*7?
2
Suppose 421 = 2*u - b, 8*u - 644 = 5*u - b. List the prime factors of u.
3, 71
Let q be (-17)/(-5) + 4/(-10). Let c be (-1 - 2)/q*4. Let z = 7 + c. List the prime factors of z.
3
Suppose 4*w = 8*w - 428. List the prime factors of w.
107
Suppose 0 = n - 6*n - 30. List the prime factors of (n/10)/((-4)/20).
3
What are the prime factors of (70/4)/(2/4)?
5, 7
Suppose 7*o = 2*o. Suppose o = -9*c + 4*c + 20. What are the prime factors of c?
2
Let d(b) = 2*b**2 + b. Let a be d(-2). List the prime factors of 4/a + (-13)/(-3).
5
Suppose 560 = 3*x - 43. List the prime factors of x.
3, 67
Let a(t) = -t**3 - t**2 + 13. Let w be a(0). Let d = w - 6. List the prime factors of d.
7
Suppose -5*o = -59 - 26. Let y = 22 - o. List the prime factors of y.
5
List the prime factors of 2/(-6) - (-4136)/24.
2, 43
Let m(i) = i**3 + i**2 + 2*i + 1. Let b be m(-2). Let q(o) = -3*o - 7. List the prime factors of q(b).
2, 7
Let i(v) = -19*v**3 + v**2. Let s(m) = m - 8. Let b be s(7). List the prime factors of i(b).
2, 5
Let f = -32 + 13. Let q = f - -28. Let s(l) = -l + 11. What are the prime factors of s(q)?
2
Suppose -3*x + 182 = x - 2*w, -48 = -x + 3*w. Suppose -2*v = -v + 4*o - 27, -5*o = 2*v - x. What are the prime factors of v?
3, 5
Let j be 3 + 2 + -3 + 3. Let p(b) = 4*b + 5. List the prime factors of p(j).
5
Let c(q) be the second derivative of 0 + 1/3*q**3 - 2*q**2 + q. What are the prime factors of c(9)?
2, 7
Let r(x) = -8*x**2 + 6 + 8*x + x + 2 - x**3. What are the prime factors of r(-9)?
2
Let k = -16 + 26. Suppose -x + k = -6*x. List the prime factors of (x - -1)/(1/(-7)).
7
What are the prime factors of 1 - (-4 + -1) - -1?
7
Suppose 4*y - 66 = -2*m + 34, 4*m = 3*y - 64. Suppose 0 = 3*g - z - y, -2*z - 6 - 6 = -2*g. List the prime factors of g.
3
Let g = -4 - -7. Let b(f) = 0*f**2 - 4 + f + f**g + 0*f**3 - f**2. What are the prime factors of b(3)?
17
Let h(m) = m**3 - 11*m**2 + m - 7. Let c be h(11). Suppose -4*t = -2*p - 0*p - 10, -3*p = c*t - 5. What are the prime factors of t?
2
Suppose 14 = -i - i. Let o = 18 + i. What are the prime factors of o?
11
What are the prime factors of 6/(2/(-1)) - (-456)/12?
5, 7
Let n be 1*4*(0 - 1). Let f = n + 31. List the prime factors of f.
3
List the prime factors of (288/30)/((-6)/(-20)).
2
Let a = 40 + -76. Let p = a - -60. Let i = p + -12. List the prime factors of i.
2, 3
Let u(s) = 2*s**3 - 4*s**2 - 12*s + 7. List the prime factors of u(6).
223
Let c(b) = -b**2 - 8*b - 10. What are the prime factors of c(-5)?
5
Let c(u) be the first derivative of -u**4/4 + 5*u**3/3 - 2*u**2 + 